alse
Let v(w) = -3*w**2 + 13*w - 15. Let q be v(6). Is 27/q + (-21039)/(-15) + -3 prime?
True
Let y = 183 - 153. Suppose -x + y + 137 = 0. Is x a prime number?
True
Suppose 7*g = -4874 + 667. Let b = 1718 + g. Is b a composite number?
False
Let x(h) = -28*h - 1. Suppose -q + d = -4*q + 2, 22 = q - 5*d. Suppose 5*c + 18 = 2*c + v, -3*v = -q*c - 19. Is x(c) a prime number?
True
Let l = 5829 + -4172. Is l a prime number?
True
Let f(w) = 2*w**2 - 4*w - 9. Let j be f(-2). Is (3203 - -3 - -8) + j composite?
False
Let h = 165402 - 106825. Is h composite?
True
Let p(l) = -4*l**3 - 2*l + 1. Let c be p(1). Let i(y) = -18*y + 8. Let a(d) = -35*d + 14. Let m(b) = 3*a(b) - 5*i(b). Is m(c) composite?
True
Let a = 443391 + -218360. Is a a prime number?
False
Let j(q) = q**2 - 13*q + 12. Let n be j(11). Let m(c) = -33*c - 27. Let x be m(n). Suppose h = r - 293, r + 4*h - x = -0*r. Is r a composite number?
True
Let m(c) be the second derivative of 637*c**4/12 - c**2 - 18*c. Suppose -4*a + 3 + 1 = 0. Is m(a) a prime number?
False
Suppose -4*h = 4, -6*g + 2*g - 29 = 5*h. Let d(t) = -3*t**3 + 3*t**2 + 14*t + 19. Is d(g) prime?
True
Suppose -2*f = s - 9807, 4*f - 29423 = -3*s - f. Suppose 9*b - 2600 - s = 0. Is b a prime number?
False
Suppose 3*v = -5*x + 8594 + 10592, -5 = -x. Is v a composite number?
True
Let f = 91 - 72. Suppose -f = 4*c - 5*z, -2*c + 18 = -5*c + 5*z. Is (-9582)/(-7) - c/7 a composite number?
True
Let u = 691 - 466. Is 8/36 + (-5)/(u/(-35405)) composite?
False
Suppose -4*n = -6*n + 14. Let f = -259 - -217. Is n/f*-22689*(-2)/(-3) a prime number?
True
Let m be (-23 - (-2 - 0))*164130/(-15). Suppose -6*h + m = -0*h. Is h a composite number?
True
Let c be 20961/36 - (-2)/(-8). Suppose -c = -5*x + 3*x. Is x composite?
True
Suppose 3049*q + 1878512 = 3065*q. Is q prime?
False
Let h be (8/(-2) - -835)/((-4)/16). Is 4 - 7 - (h + -2) a prime number?
True
Is 106528 + 1 - 4/((-27)/((-108)/(-8))) a prime number?
True
Let g(d) = 950*d - 603. Is g(35) a composite number?
False
Let a be (12/(-4))/3 - (-4 - 1). Suppose a*t - 1207 = -91. Suppose t = -21*f + 24*f. Is f prime?
False
Suppose 0 = -5*c + 3726 - 551. Suppose 2*l = -l. Suppose 0 = 4*k - 5*k - 2*b + c, 2*k - 3*b - 1270 = l. Is k a prime number?
False
Is 2/(((-139)/3)/(39907/861) - -1) a composite number?
False
Let j be ((-23)/2)/((-2)/2076). Let q = -7406 + j. Is q a prime number?
False
Let o be (-3125)/(-95) - 22/(-209). Let d(j) = -j**3 + 34*j**2 + 41*j + 5. Is d(o) a composite number?
False
Let f be ((-8)/6)/((-16)/(-72)*3). Let l be (f + 3)/(((-1)/3143)/(-1)). Suppose -2*q = a - 2096, -2*q + 5*q + 2*a = l. Is q a prime number?
True
Let p(j) = j. Let w(d) = -d**2 - 3*d + 3. Let u be w(0). Suppose 3*f - 15 = -f + s, 3*f + 4*s + u = 0. Is p(f) composite?
False
Suppose -6*m = -10*m. Suppose 0 = -m*g + 2*g - 2830. Is g a composite number?
True
Suppose 5*o - 2*i + 0*i - 40 = 0, -9 = o + 3*i. Suppose -o*r + 61 = 313. Is 24/r - 2574/(-21) prime?
False
Let d(x) = -x**2 + 4*x + 14. Suppose 2*t - 24 = -2*t. Let p be d(t). Is (0 - (0 + p))*-197 prime?
False
Is 522711/4 - (-507)/(-676)*(-10)/6 prime?
False
Suppose 3*g - 3*l = 2925, -3*l = g + 2*g - 2955. Suppose g + 1590 = 2*k. Suppose -5*f = -5*s + k, s + f - 257 = 6*f. Is s a prime number?
True
Suppose -7*y + 6 = -22. Let b be -3 - -17480 - (0 + 12/y). Suppose 12*j = b + 1258. Is j a prime number?
False
Let l be (-30)/6 + 8 - -2. Suppose c - l*s = -c + 2878, 3*s - 7195 = -5*c. Is c a composite number?
False
Let p(m) be the second derivative of 4*m**3 + 5*m**2/2 + 3*m. Let y be p(2). Suppose -y*s - 114 = -55*s. Is s a composite number?
True
Is (-40343)/(((-31)/31)/((-2)/(-2))) composite?
False
Let m be ((-3)/(-9))/(1/33). Let k(y) = -3*y**2 - 4*y**3 + 5 - 4 + 2*y**2 + y - m*y. Is k(-6) a prime number?
False
Suppose -2*d = 5*j - 28, 2*j + 3*j - 29 = -d. Is (0/10)/j + 2045 a prime number?
False
Let z be 1 + 8 + 1 + -1. Let t be (-718)/(-8) - 45/(-180). Is 20/t + 2635/z prime?
True
Let u(i) = 20376*i**2 - 259*i - 1182. Is u(-5) a composite number?
False
Suppose -24*h + 41834845 = -3*h + 44*h. Is h composite?
True
Is (-46)/115*(319635/2)/(-9) a prime number?
True
Let a = 31 - 25. Suppose -l + 4*l = a. Suppose -2*y + 3148 = l*y. Is y a composite number?
False
Suppose -4*i + 58 = -u, -u + 2*i + 0*i = 54. Let z = u + 53. Suppose -f + 431 = z*r, 2*f = 7*f + 4*r - 2111. Is f a prime number?
True
Suppose 236 + 4 = 8*v. Suppose -v*k + 14*k + 234224 = 0. Is k a composite number?
False
Suppose 0 = 3*u - u + 270. Let h = 581 + u. Is h a composite number?
True
Let q(x) = 1083*x**2 - 23*x - 5. Is q(4) a composite number?
False
Let u = -183 + 188. Suppose 7*k = 4*k - 2*f + 633, 0 = u*k - 4*f - 1055. Is k prime?
True
Let r(n) = 126*n**2 - 58*n + 1599. Is r(23) composite?
False
Suppose k = -2*a + 228211, 4*a + a + 912909 = 4*k. Is k composite?
True
Suppose 2*u + 1812 = 7468. Suppose -16*l = -9*l - u. Let c = 621 - l. Is c a prime number?
False
Suppose -95561 = -s + 5*b, 3*s + 4*b = 202988 + 83771. Is s composite?
False
Let o = -139 - -144. Let g(n) = 40*n**2 - 39*n - 8. Is g(o) a composite number?
False
Suppose 0 = 50*y - 7*y - 17716. Let p = 6 - 3. Suppose p*q - y = -3*s - 2*q, -3*s + 421 = -4*q. Is s a prime number?
True
Let a(y) = -1 - 2*y - 10*y**3 - 16*y**2 + 5 + 18*y**2. Let j be a(-3). Let r = j + -167. Is r a prime number?
True
Suppose -217091 = -305*m + 298*m. Is m composite?
False
Let g(x) = x**2 + 6*x + 2. Let o be g(-6). Suppose -o*p - 894 = 4*a, -443 = 2*a - 0*a - 3*p. Let r = a + 516. Is r a composite number?
False
Suppose -12*b + 502552 = 117484. Is b composite?
False
Let x be (3 - 2) + -5 - (-205 + 3). Let c be x/(-42) + -2*1/7. Let d(a) = -248*a + 3. Is d(c) prime?
False
Suppose -245964 = -3*y + 2*f + 2*f, -5*y - 2*f + 409940 = 0. Let j = y + -37449. Is j a prime number?
False
Let c(t) = t**3 + 11*t**2 - 3*t - 19. Suppose -3*o = 6, 0 = -5*x - o + 5 - 42. Let v be c(x). Let i = v - -25. Is i prime?
True
Suppose 0 = 7*g + 9*w - 5*w - 2361083, 3*g - 2*w = 1011889. Is g a composite number?
True
Let o be (12/14)/((-26)/910). Let g be 0 + 6/o - (-4)/(-5). Is 6312/9 - g/(-3) a composite number?
False
Suppose 0 = -5*f + 2*p + 2*p - 310, -147 = 2*f + 3*p. Is 132/f - (0 + -447) a prime number?
False
Let x be (24/18 - 2)*-3951. Let v = 4823 - x. Is v prime?
False
Let x be (105/(-30))/(28/(-8) - -3). Let z(q) = 9*q**2 - 35*q + 25. Is z(x) prime?
False
Suppose 0 = 4*j + 4*l - 7*l - 12439, 12463 = 4*j + 5*l. Suppose 0 = -2*c - 2*c + j. Is c a prime number?
False
Let v(m) = -1 - 37*m + 9*m + 8*m + 8*m. Let j be v(-5). Let k = 156 - j. Is k a prime number?
True
Suppose 0 = -106*a - 73*a - 1270342 + 6638015. Is a a composite number?
True
Let y(f) = 5*f - 98. Let g be y(23). Let i(k) = k**2 + 3*k + 73. Is i(g) prime?
False
Let d(x) = x**3 - 37*x**2 - 40*x + 84. Let v be d(38). Suppose -3*q + 116705 = -4*f, -q + v*f - 4*f + 38907 = 0. Is q prime?
False
Suppose 9 = 4*m - m. Let s(p) = 96*p**3 + 4*p**2 + 2*p - 5. Is s(m) a composite number?
True
Suppose -2*c - 4*j = -2301890, 8*c - 9*c + j + 1150963 = 0. Is c a composite number?
False
Let l be (-3)/4 - (-477)/(-36). Let j be (3 + l/4)*-8. Suppose -4*q = 3*r - 5207, -j*r = -0*q - 5*q - 6922. Is r a composite number?
False
Is 4/(-6) + (-5117562)/(-54) a composite number?
True
Suppose -i = 5*m - 14, 4*i + 5*m - 20 - 6 = 0. Suppose -i*d + 46 = -10. Let k(l) = 66*l - 23. Is k(d) a prime number?
False
Let z(q) = 623*q**3 + 9*q**2 + 498*q - 3073. Is z(6) prime?
True
Suppose -10*w + 43 = -67. Suppose w*a = 2*k + 10*a - 232, 3*k - 341 = -2*a. Is k composite?
True
Let b = 35598 + 39541. Is b prime?
False
Suppose -475*v = -516*v + 13219015. Is v a composite number?
True
Suppose -2*o + j = -110223, -20 = 11*j - 7*j. Is o composite?
False
Let g be 2/(-5) - (-6)/10*9. Suppose -5*i + 8 + 32 = 2*o, 4*i - 32 = -g*o. Suppose i*j + 1733 = 9*j. Is j prime?
True
Let n be (-2 - -1)*(3 + 2984/4). Let b = 2506 + n. Is b prime?
False
Is ((14/4)/7)/((7/(-3694))/(-7)) a prime number?
True
Suppose 108*q - 25128443 = 85*q. Is q prime?
True
Let i = -3249 - -9623. Let v = i + -1900. Is v prime?
False
Suppose 528 = 5*g + m, 4*m + 60 = 4*g - 348. Suppose p - 2*p = g. Let b = 22 - p. Is b prime?
True
Let h = 7567107 - 1036850. Is h composite?
False
Let a(t) = 